{"id":468,"date":"2025-01-27T10:11:42","date_gmt":"2025-01-27T13:11:42","guid":{"rendered":"https:\/\/centronoticias.com.ar\/portal\/?page_id=468"},"modified":"2025-01-27T10:33:16","modified_gmt":"2025-01-27T13:33:16","slug":"archivo-cn","status":"publish","type":"page","link":"https:\/\/centronoticias.com.ar\/portal\/archivo-cn\/","title":{"rendered":"Archivo CN"},"content":{"rendered":"\n<div class=\"wp-block-blockspare-blockspare-container alignfull blockspare-830c82f1-92d0-4\" blockspare-animation=\"\"><style>.blockspare-830c82f1-92d0-4 > .blockspare-block-container-wrapper{background-color:#f9f9f9;padding-top:20px;padding-right:20px;padding-bottom:20px;padding-left:20px;margin-top:30px;margin-right:0px;margin-bottom:30px;margin-left:0px;border-radius:0}.blockspare-830c82f1-92d0-4 .blockspare-image-wrap{background-image:none}<\/style><div class=\"blockspare-block-container-wrapper blockspare-hover-item\"><div class=\"blockspare-container-background blockspare-image-wrap has-background-opacity-100 has-background-opacity\"><\/div><div class=\"blockspare-container\"><div class=\"blockspare-inner-blocks blockspare-inner-wrapper-blocks\">\n<iframe src=\"https:\/\/centronoticias.com.ar\/cn\/\" width=\"980\" height=\"900\"><\/iframe>\n<\/div><\/div><\/div><\/div>\n\n\n\n<div class=\"wp-block-blockspare-blockspare-container alignfull blockspare-f418d269-ec63-4\" blockspare-animation=\"\"><style>.blockspare-f418d269-ec63-4 > .blockspare-block-container-wrapper{box-shadow:0px 6px 12px -10px #000;background-color:#f9f9f9;padding-top:20px;padding-right:20px;padding-bottom:20px;padding-left:20px;margin-top:30px;margin-right:0px;margin-bottom:30px;margin-left:0px;border-radius:0}.blockspare-f418d269-ec63-4 .blockspare-image-wrap{background-image:none}<\/style><div class=\"blockspare-block-container-wrapper blockspare-hover-item\"><div class=\"blockspare-container-background blockspare-image-wrap has-background-opacity-100 has-background-opacity\"><\/div><div class=\"blockspare-container\"><div class=\"blockspare-inner-blocks blockspare-inner-wrapper-blocks\">\n<p class=\"has-medium-font-size\" style=\"font-style:normal;font-weight:300;line-height:2.3\">En esta secci\u00f3n podr\u00e1 encontrar nuestro antig\u00fco formato y navegar por las noticias archivadas. Tambi\u00e9n si lo desdea puede acceder al portal completo desde el siguiente enlace <a href=\"https:\/\/centronoticias.com.ar\/cn\/\" target=\"_blank\" rel=\"noreferrer noopener\">https:\/\/centronoticias.com.ar\/cn\/<\/a> , aclaramos que el mencionado portal ya se encuentra obsoleto por lo cual algunas funciones no estar\u00e1n disponibles y las noticias no se encuentran actualizadas a la fecha.<\/p>\n<\/div><\/div><\/div><\/div>\n\n\n\n<p><\/p>\n","protected":false},"excerpt":{"rendered":"","protected":false},"author":2,"featured_media":0,"parent":0,"menu_order":0,"comment_status":"closed","ping_status":"closed","template":"","meta":{"footnotes":""},"class_list":["post-468","page","type-page","status-publish","hentry"],"_links":{"self":[{"href":"https:\/\/centronoticias.com.ar\/portal\/wp-json\/wp\/v2\/pages\/468","targetHints":{"allow":["GET"]}}],"collection":[{"href":"https:\/\/centronoticias.com.ar\/portal\/wp-json\/wp\/v2\/pages"}],"about":[{"href":"https:\/\/centronoticias.com.ar\/portal\/wp-json\/wp\/v2\/types\/page"}],"author":[{"embeddable":true,"href":"https:\/\/centronoticias.com.ar\/portal\/wp-json\/wp\/v2\/users\/2"}],"replies":[{"embeddable":true,"href":"https:\/\/centronoticias.com.ar\/portal\/wp-json\/wp\/v2\/comments?post=468"}],"version-history":[{"count":3,"href":"https:\/\/centronoticias.com.ar\/portal\/wp-json\/wp\/v2\/pages\/468\/revisions"}],"predecessor-version":[{"id":472,"href":"https:\/\/centronoticias.com.ar\/portal\/wp-json\/wp\/v2\/pages\/468\/revisions\/472"}],"wp:attachment":[{"href":"https:\/\/centronoticias.com.ar\/portal\/wp-json\/wp\/v2\/media?parent=468"}],"curies":[{"name":"wp","href":"https:\/\/api.w.org\/{rel}","templated":true}]}}